{"id":22,"date":"2017-07-25T16:03:36","date_gmt":"2017-07-25T14:03:36","guid":{"rendered":"http:\/\/produire-en-nouvelle-aquitaine.org\/?page_id=22"},"modified":"2026-01-16T11:28:57","modified_gmt":"2026-01-16T10:28:57","slug":"membres-fondateurs","status":"publish","type":"page","link":"https:\/\/produire-en-nouvelle-aquitaine.org\/index.php\/membres-fondateurs\/","title":{"rendered":"Conseil d&rsquo;administration et bureau"},"content":{"rendered":"<p>Suite \u00e0 l\u2019Assembl\u00e9e G\u00e9n\u00e9rale du 15 janvier 2026 :<\/p>\n<p><span style=\"text-decoration: underline;\"><strong>Le Conseil d&rsquo;administration :<\/strong><\/span><\/p>\n<blockquote><p>Coralie Dias, de la soci\u00e9t\u00e9 Inter Spinas<br \/>\nCharlotte Gu\u00e9nin, de la soci\u00e9t\u00e9 Massala Production<br \/>\nLouise Hentgen, de la soci\u00e9t\u00e9 Vertical Production<br \/>\nDavid Hurst, de la soci\u00e9t\u00e9 Dublin Films<br \/>\nChristophe Jankovic, de la soci\u00e9t\u00e9 Golem &amp; Linea<br \/>\nFabrice Marache, de la soci\u00e9t\u00e9 l\u2019atelier documentaire<br \/>\nOdile Mendez Bonito, de la soci\u00e9t\u00e9 Corpus Films<br \/>\nLucie Rego, de la soci\u00e9t\u00e9 Hutong Productions<br \/>\n\u00c9milie Tardif, de la soci\u00e9t\u00e9 Am\u00e9thyste Films<\/p><\/blockquote>\n<p><span style=\"text-decoration: underline;\"><strong>Le Bureau :<\/strong><\/span><\/p>\n<blockquote><p>David Hurst, Pr\u00e9sident<br \/>\nOdile Mendez Bonito, Vice Pr\u00e9sidente<br \/>\nCharlotte Gu\u00e9nin, Tr\u00e9sori\u00e8re<br \/>\nChristophe Jankovic, Secr\u00e9taire<\/p><\/blockquote>\n","protected":false},"excerpt":{"rendered":"<p>Suite \u00e0 l\u2019Assembl\u00e9e G\u00e9n\u00e9rale du 15 janvier 2026 : Le Conseil d&rsquo;administration : Coralie Dias, de la soci\u00e9t\u00e9 Inter Spinas Charlotte Gu\u00e9nin, de la soci\u00e9t\u00e9 Massala Production Louise Hentgen, de la soci\u00e9t\u00e9 Vertical Production David Hurst, de la soci\u00e9t\u00e9 Dublin Films Christophe Jankovic, de la soci\u00e9t\u00e9 Golem &amp; Linea Fabrice Marache, de la soci\u00e9t\u00e9 l\u2019atelier&hellip; <a href=\"https:\/\/produire-en-nouvelle-aquitaine.org\/index.php\/membres-fondateurs\/\" class=\"more-link\">Lire la suite <span class=\"screen-reader-text\">Conseil d&rsquo;administration et bureau<\/span><\/a><\/p>\n","protected":false},"author":1,"featured_media":0,"parent":0,"menu_order":0,"comment_status":"closed","ping_status":"closed","template":"","meta":{"footnotes":""},"_links":{"self":[{"href":"https:\/\/produire-en-nouvelle-aquitaine.org\/index.php\/wp-json\/wp\/v2\/pages\/22"}],"collection":[{"href":"https:\/\/produire-en-nouvelle-aquitaine.org\/index.php\/wp-json\/wp\/v2\/pages"}],"about":[{"href":"https:\/\/produire-en-nouvelle-aquitaine.org\/index.php\/wp-json\/wp\/v2\/types\/page"}],"author":[{"embeddable":true,"href":"https:\/\/produire-en-nouvelle-aquitaine.org\/index.php\/wp-json\/wp\/v2\/users\/1"}],"replies":[{"embeddable":true,"href":"https:\/\/produire-en-nouvelle-aquitaine.org\/index.php\/wp-json\/wp\/v2\/comments?post=22"}],"version-history":[{"count":36,"href":"https:\/\/produire-en-nouvelle-aquitaine.org\/index.php\/wp-json\/wp\/v2\/pages\/22\/revisions"}],"predecessor-version":[{"id":2680,"href":"https:\/\/produire-en-nouvelle-aquitaine.org\/index.php\/wp-json\/wp\/v2\/pages\/22\/revisions\/2680"}],"wp:attachment":[{"href":"https:\/\/produire-en-nouvelle-aquitaine.org\/index.php\/wp-json\/wp\/v2\/media?parent=22"}],"curies":[{"name":"wp","href":"https:\/\/api.w.org\/{rel}","templated":true}]}}