{"id":2,"date":"2017-07-19T17:10:59","date_gmt":"2017-07-19T15:10:59","guid":{"rendered":"http:\/\/produire-en-nouvelle-aquitaine.org\/?page_id=2"},"modified":"2025-05-15T10:24:09","modified_gmt":"2025-05-15T08:24:09","slug":"page-d-exemple","status":"publish","type":"page","link":"https:\/\/produire-en-nouvelle-aquitaine.org\/index.php\/page-d-exemple\/","title":{"rendered":"Pr\u00e9sentation"},"content":{"rendered":"<hr \/>\n<table style=\"height: 26px;\" width=\"675\">\n<tbody>\n<tr>\n<td style=\"width: 429px;\"><a href=\"http:\/\/produire-en-nouvelle-aquitaine.org\/wp-content\/uploads\/2020\/09\/PLAQUETTE-A5-1-copie.pdf\"><img loading=\"lazy\" decoding=\"async\" class=\"alignnone wp-image-2199 size-full\" src=\"http:\/\/produire-en-nouvelle-aquitaine.org\/wp-content\/uploads\/2020\/09\/PLAQUETTE-A5-1-copie-pdf.jpg\" alt=\"\" width=\"748\" height=\"1058\" \/><\/a><\/td>\n<td style=\"width: 330px; text-align: left; vertical-align: top;\">Cr\u00e9\u00e9e en avril 2017, en marge du Festival du Cin\u00e9ma de Brive, l&rsquo;association <strong>PE\u00d1A<\/strong> regroupe des soci\u00e9t\u00e9s de production d\u00e9l\u00e9gu\u00e9e r\u00e9parties sur l&rsquo;ensemble du territoire de Nouvelle Aquitaine et repr\u00e9sentant l&rsquo;ensemble des genres, des techniques et des formats (court et long-m\u00e9trages d&rsquo;animation, documentaire, fiction et nouveaux m\u00e9dias).<\/td>\n<\/tr>\n<\/tbody>\n<\/table>\n<p>Elle\u00a0 a pour vocation de favoriser le d\u00e9veloppement de la production audiovisuelle et cin\u00e9matographique en Nouvelle Aquitaine (Charente, Charente Maritime, Corr\u00e8ze, Creuse, Deux-S\u00e8vres, Dordogne, Gironde, Haute-Vienne, Landes, Lot-et-Garonne, Pyr\u00e9n\u00e9es Atlantiques, Vienne).<\/p>\n<p>Elle vise ainsi plusieurs objectifs :<br \/>\n&#8211; valoriser l\u2019identit\u00e9 des producteurs d\u00e9l\u00e9gu\u00e9s, audiovisuel et cin\u00e9ma, de la R\u00e9gion Nouvelle Aquitaine,<br \/>\n&#8211; favoriser la cr\u00e9ation d\u2019oeuvres originales dans tous les genres concern\u00e9s (animation, documentaire, fiction et nouveaux m\u00e9dias),<br \/>\n&#8211; d\u00e9fendre les int\u00e9r\u00eats communs des producteurs,<br \/>\n&#8211; promouvoir, animer et stimuler leurs activit\u00e9s, en \u00e9tant l\u2019interlocuteur privil\u00e9gi\u00e9 des pouvoirs publics, locaux, nationaux et internationaux, et de l\u2019ensemble des partenaires de la profession.<\/p>\n<p>L&rsquo;association Pe\u00f1a b\u00e9n\u00e9ficie du soutien de la R\u00e9gion-Nouvelle-Aquitaine, de l&rsquo;agence ALCA, de la DRAC, et du D\u00e9partement de la Gironde.<\/p>\n<table style=\"height: 211px; width: 102.142%;\" width=\"819\">\n<tbody>\n<tr>\n<td style=\"width: 20%;\"><img loading=\"lazy\" decoding=\"async\" class=\"size-full wp-image-1886 aligncenter\" src=\"http:\/\/produire-en-nouvelle-aquitaine.org\/wp-content\/uploads\/2019\/11\/logo_na_horiz_NOIR_2019.png\" alt=\"\" width=\"1404\" height=\"651\" srcset=\"https:\/\/produire-en-nouvelle-aquitaine.org\/wp-content\/uploads\/2019\/11\/logo_na_horiz_NOIR_2019.png 1404w, https:\/\/produire-en-nouvelle-aquitaine.org\/wp-content\/uploads\/2019\/11\/logo_na_horiz_NOIR_2019-300x139.png 300w, https:\/\/produire-en-nouvelle-aquitaine.org\/wp-content\/uploads\/2019\/11\/logo_na_horiz_NOIR_2019-768x356.png 768w, https:\/\/produire-en-nouvelle-aquitaine.org\/wp-content\/uploads\/2019\/11\/logo_na_horiz_NOIR_2019-1024x475.png 1024w, https:\/\/produire-en-nouvelle-aquitaine.org\/wp-content\/uploads\/2019\/11\/logo_na_horiz_NOIR_2019-1320x612.png 1320w\" sizes=\"(max-width: 1404px) 100vw, 1404px\" \/><\/td>\n<td style=\"width: 20%;\"><img loading=\"lazy\" decoding=\"async\" class=\"size-medium wp-image-1628 aligncenter\" src=\"http:\/\/produire-en-nouvelle-aquitaine.org\/wp-content\/uploads\/2019\/06\/Alca_Logotype-300x178.jpg\" alt=\"\" width=\"300\" height=\"178\" srcset=\"https:\/\/produire-en-nouvelle-aquitaine.org\/wp-content\/uploads\/2019\/06\/Alca_Logotype-300x178.jpg 300w, https:\/\/produire-en-nouvelle-aquitaine.org\/wp-content\/uploads\/2019\/06\/Alca_Logotype-768x456.jpg 768w, https:\/\/produire-en-nouvelle-aquitaine.org\/wp-content\/uploads\/2019\/06\/Alca_Logotype-1024x608.jpg 1024w, https:\/\/produire-en-nouvelle-aquitaine.org\/wp-content\/uploads\/2019\/06\/Alca_Logotype-1320x784.jpg 1320w, https:\/\/produire-en-nouvelle-aquitaine.org\/wp-content\/uploads\/2019\/06\/Alca_Logotype.jpg 1890w\" sizes=\"(max-width: 300px) 100vw, 300px\" \/><\/td>\n<td style=\"width: 20%;\"><img loading=\"lazy\" decoding=\"async\" class=\"aligncenter wp-image-1635\" src=\"http:\/\/produire-en-nouvelle-aquitaine.org\/wp-content\/uploads\/2019\/06\/BM_REG-NouvelleAquitaine-236x300.jpg\" alt=\"\" width=\"87\" height=\"110\" srcset=\"https:\/\/produire-en-nouvelle-aquitaine.org\/wp-content\/uploads\/2019\/06\/BM_REG-NouvelleAquitaine-236x300.jpg 236w, https:\/\/produire-en-nouvelle-aquitaine.org\/wp-content\/uploads\/2019\/06\/BM_REG-NouvelleAquitaine.jpg 521w\" sizes=\"(max-width: 87px) 100vw, 87px\" \/><\/td>\n<td style=\"width: 20%;\"><img loading=\"lazy\" decoding=\"async\" class=\"size-full wp-image-2293 aligncenter\" src=\"http:\/\/produire-en-nouvelle-aquitaine.org\/wp-content\/uploads\/2021\/11\/D\u00e9partement-Gironde.png\" alt=\"\" width=\"225\" height=\"225\" srcset=\"https:\/\/produire-en-nouvelle-aquitaine.org\/wp-content\/uploads\/2021\/11\/D\u00e9partement-Gironde.png 225w, https:\/\/produire-en-nouvelle-aquitaine.org\/wp-content\/uploads\/2021\/11\/D\u00e9partement-Gironde-150x150.png 150w, https:\/\/produire-en-nouvelle-aquitaine.org\/wp-content\/uploads\/2021\/11\/D\u00e9partement-Gironde-180x180.png 180w\" sizes=\"(max-width: 225px) 100vw, 225px\" \/><\/td>\n<td style=\"width: 20%;\"><img loading=\"lazy\" decoding=\"async\" class=\"size-full wp-image-2591 aligncenter\" src=\"http:\/\/produire-en-nouvelle-aquitaine.org\/wp-content\/uploads\/2025\/05\/2022_BM_logo_positif_CMJN_V.png\" alt=\"\" width=\"247\" height=\"351\" srcset=\"https:\/\/produire-en-nouvelle-aquitaine.org\/wp-content\/uploads\/2025\/05\/2022_BM_logo_positif_CMJN_V.png 247w, https:\/\/produire-en-nouvelle-aquitaine.org\/wp-content\/uploads\/2025\/05\/2022_BM_logo_positif_CMJN_V-211x300.png 211w\" sizes=\"(max-width: 247px) 100vw, 247px\" \/><\/td>\n<\/tr>\n<\/tbody>\n<\/table>\n","protected":false},"excerpt":{"rendered":"<p>Cr\u00e9\u00e9e en avril 2017, en marge du Festival du Cin\u00e9ma de Brive, l&rsquo;association PE\u00d1A regroupe des soci\u00e9t\u00e9s de production d\u00e9l\u00e9gu\u00e9e r\u00e9parties sur l&rsquo;ensemble du territoire de Nouvelle Aquitaine et repr\u00e9sentant l&rsquo;ensemble des genres, des techniques et des formats (court et long-m\u00e9trages d&rsquo;animation, documentaire, fiction et nouveaux m\u00e9dias). Elle\u00a0 a pour vocation de favoriser le d\u00e9veloppement&hellip; <a href=\"https:\/\/produire-en-nouvelle-aquitaine.org\/index.php\/page-d-exemple\/\" class=\"more-link\">Lire la suite <span class=\"screen-reader-text\">Pr\u00e9sentation<\/span><\/a><\/p>\n","protected":false},"author":1,"featured_media":0,"parent":0,"menu_order":0,"comment_status":"closed","ping_status":"open","template":"","meta":{"footnotes":""},"_links":{"self":[{"href":"https:\/\/produire-en-nouvelle-aquitaine.org\/index.php\/wp-json\/wp\/v2\/pages\/2"}],"collection":[{"href":"https:\/\/produire-en-nouvelle-aquitaine.org\/index.php\/wp-json\/wp\/v2\/pages"}],"about":[{"href":"https:\/\/produire-en-nouvelle-aquitaine.org\/index.php\/wp-json\/wp\/v2\/types\/page"}],"author":[{"embeddable":true,"href":"https:\/\/produire-en-nouvelle-aquitaine.org\/index.php\/wp-json\/wp\/v2\/users\/1"}],"replies":[{"embeddable":true,"href":"https:\/\/produire-en-nouvelle-aquitaine.org\/index.php\/wp-json\/wp\/v2\/comments?post=2"}],"version-history":[{"count":30,"href":"https:\/\/produire-en-nouvelle-aquitaine.org\/index.php\/wp-json\/wp\/v2\/pages\/2\/revisions"}],"predecessor-version":[{"id":2593,"href":"https:\/\/produire-en-nouvelle-aquitaine.org\/index.php\/wp-json\/wp\/v2\/pages\/2\/revisions\/2593"}],"wp:attachment":[{"href":"https:\/\/produire-en-nouvelle-aquitaine.org\/index.php\/wp-json\/wp\/v2\/media?parent=2"}],"curies":[{"name":"wp","href":"https:\/\/api.w.org\/{rel}","templated":true}]}}